at is 9 - -2555?
2563
In base 8, what is 15 + 173602?
173617
In base 9, what is -523 + 725?
202
In base 13, what is -28 - 778c?
-77b7
In base 9, what is 4 + 72646?
72651
In base 15, what is 2 + 1322c?
1322e
In base 14, what is -259a - -22a?
-2370
In base 8, what is 0 - -3057666?
3057666
In base 11, what is -438 - -91?
-357
In base 9, what is 7 + -4143?
-4135
In base 10, what is -1 - 176152?
-176153
In base 13, what is 17 + 3037?
3051
In base 14, what is -3593 + 2?
-3591
In base 8, what is -2712 + 275?
-2415
In base 6, what is -11413531 + -4?
-11413535
In base 9, what is -20847 - 2?
-20850
In base 12, what is -a - -12016?
12008
In base 10, what is 6 - 4295?
-4289
In base 3, what is -1012111 - -111120?
-200221
In base 10, what is 467 + -6040?
-5573
In base 15, what is 1 - 35e4d?
-35e4c
In base 3, what is 12 - -210210022?
210210111
In base 15, what is -a1 - -198?
e7
In base 16, what is 4 - -5c63?
5c67
In base 11, what is 17 - -8075?
8091
In base 6, what is 1435133 + -4?
1435125
In base 6, what is 2140 - -31?
2211
In base 11, what is 151 + -239?
-98
In base 6, what is 5 + -5255?
-5250
In base 4, what is -1021 + 1320030?
1313003
In base 7, what is 15 + -12532?
-12514
In base 16, what is 20aae + 12?
20ac0
In base 14, what is 5 - 4c509?
-4c504
In base 12, what is -17 - 1074?
-108b
In base 4, what is -331211 + 22023?
-303122
In base 15, what is 6 - -7725?
772b
In base 3, what is 0 + 101001002021?
101001002021
In base 8, what is 16 + 306230?
306246
In base 12, what is -3 - 25248?
-2524b
In base 8, what is 3 + 51700?
51703
In base 8, what is 63011 + 3?
63014
In base 12, what is -2b87 - 2a7?
-3272
In base 12, what is -1082 - -10?
-1072
In base 13, what is -49c21 - 1?
-49c22
In base 13, what is -4 + 92b5?
92b1
In base 11, what is -1a155 + -11?
-1a166
In base 14, what is -88 - 2d42?
-2dca
In base 3, what is -121022122012 - 2?
-121022122021
In base 11, what is -16a6a + 71?
-169a9
In base 5, what is -112333 - 324?
-113212
In base 6, what is -102 - 350?
-452
In base 7, what is 3313 - -5?
3321
In base 3, what is 1121 - 1120122?
-1112001
In base 7, what is -134656 - 35?
-135024
In base 5, what is 2 - 4413340?
-4413333
In base 3, what is -1022210000012 + -11?
-1022210000100
In base 9, what is -65234 - 115?
-65350
In base 9, what is -2073236 + -5?
-2073242
In base 2, what is -1101001010010110111 - 1?
-1101001010010111000
In base 4, what is 10021 - -31033?
101120
In base 5, what is 1103323 + -4?
1103314
In base 11, what is -12 + -74564?
-74576
In base 13, what is 0 - 964c?
-964c
In base 11, what is -486 - -25?
-461
In base 4, what is 11032321 + -12?
11032303
In base 8, what is -30 - -313656?
313626
In base 14, what is -47 - -988?
941
In base 5, what is 1044 - 221?
323
In base 12, what is 0 + -2544?
-2544
In base 15, what is 3 + -56ce?
-56cb
In base 16, what is -2 + -ac216?
-ac218
In base 12, what is 1a89 - 821?
1268
In base 6, what is -1533410 - -51?
-1533315
In base 12, what is -5 + -7b7161?
-7b7166
In base 15, what is -19db8 + -4?
-19dbc
In base 3, what is 0 - 100102111022?
-100102111022
In base 14, what is 9600 - -5?
9605
In base 13, what is -177c3 - -3?
-177c0
In base 11, what is 58 + -15744?
-15697
In base 16, what is 382 + -67?
31b
In base 16, what is -16 + -277bb?
-277d1
In base 2, what is 10000000110100 - -1?
10000000110101
In base 12, what is -1203 + 54?
-116b
In base 6, what is 24 - -231014?
231042
In base 10, what is -8 + 328?
320
In base 6, what is 13 + 2511?
2524
In base 9, what is 12 - -4742?
4754
In base 13, what is -2b + -2a5?
-303
In base 4, what is 10 - -111231132?
111231202
In base 5, what is 23 + 31434?
32012
In base 3, what is -1200111000111 - 10?
-1200111000121
In base 15, what is 2e99 + -2c?
2e6c
In base 11, what is -219 - -145?
-84
In base 2, what is -100 - 100011001001111?
-100011001010011
In base 10, what is 4 - -33145?
33149
In base 8, what is 301642 - -3?
301645
In base 7, what is -663633 + 5?
-663625
In base 2, what is -101 + -100010100101011001?
-100010100101011110
In base 5, what is -120 + -2101?
-2221
In base 11, what is -938 - 61?
-999
In base 5, what is -4124404 + -12?
-4124421
In base 2, what is -10110101001 - 11100110110?
-110011011111
In base 11, what is 27004 + 3?
27007
In base 10, what is -76339 - 12?
-76351
In base 15, what is -b1333a + -4?
-b1333e
In base 16, what is 2a531 + 5?
2a536
In base 6, what is 11 + -45341?
-45330
In base 14, what is -3858b - -4?
-38587
In base 4, what is 11201123332 + -3?
11201123323
In base 2, what is 11001101 + -1111110111?
-1100101010
In base 16, what is -1 - 4e4?
-4e5
In base 4, what is -1 - 21013223?
-21013230
In base 7, what is 2031 + -1330?
401
In base 9, what is -4 - -105623?
105618
In base 6, what is -535 - -123?
-412
In base 4, what is -2322 + -1201?
-10123
In base 3, what is 2 + 221112112?
221112121
In base 2, what is -101100010000 + 1111?
-101100000001
In base 4, what is 131 - -10102212?
10103003
In base 15, what is -e974 + -2?
-e976
In base 13, what is 263 - -1119?
137c
In base 11, what is 199228 + -4?
199224
In base 10, what is -5 + -882?
-887
In base 15, what is 0 + -3e22?
-3e22
In base 12, what is 27 + -b?
18
In base 13, what is -2 + -127b7?
-127b9
In base 11, what is -3a0 + 366?
-35
In base 2, what is 10011100001111 - 10?
10011100001101
In base 9, what is 41 + -708?
-657
In base 6, what is -1 - 24343131?
-24343132
In base 8, what is 353 + -1212?
-637
In base 2, what is -1001000111100111 + 100011?
-1001000111000100
In base 8, what is 20214 + 247?
20463
In base 6, what is -443 - 52240?
-53123
In base 8, what is 10 + -7001?
-6771
In base 5, what is 14241131 - -2?
14241133
In base 13, what is -1782 + -5?
-1787
In base 6, what is 145230 - -430?
150100
In base 2, what is 11010001010 - -101101?
11010110111
In base 12, what is 73 - 317?
-264
In base 15, what is -a7 - -b4?
c
In base 10, what is -16 + -268106?
-268122
In base 12, what is -412 - 195?
-5a7
In base 13, what is -252 - -188a?
1638
In base 12, what is 25b06 + 4?
25b0a
In base 5, what is -1 - 1101244?
-1101300
In base 9, what is -155748 - 3?
-155752
In base 15, what is -28 - -bcbc?
bc94
In base 9, what is 2 - -1047237?
1047240
In base 3, what is -11 - 22011011?
-22011022
In base 9, what is 14418 + -475?
13833
In base 11, what is -486862 - 4?
-486866
In base 5, what is -1402000 + 4?
-1401441
In base 13, what is -1c532 - 1?
-1c533
In base 7, what is -41 - 33066?
-33140
In base 9, what is 105817 - -4?
105822
In base 6, what is -1534232 - -2?
-1534230
In base 3, what is -1220110 - -1220?
-1211120
In base 16, what is -4cc9 + -36?
-4cff
In base 5, what is 4033 + -113014?
-103431
In base 2, what is 101100001001100011110 - -101?
101100001001100100011
In base 12, what is -78 + 849?
791
In base 13, what is -58c3 + -26?
-5919
In base 11, what is -45921 + -19?
-4593a
In base 12, what is 7 + -13453?
-13448
In base 15, what is 1ba + 12?
1cc
In base 3, what is -100210122210 - -20?
-100210122120
In base 3, what is 2 - -211111110?
211111112
In base 14, what is -5 - 17a4b?
-17a52
In base 15, what is 11 - aa8?
-a97
In base 4, what is -2110 - -1013231?
1011121
In base 8, what is 1154562 - 5?
1154555
In base 12, what is 86 - 1772?
-16a8
In base 9, what is 20311 - 155?
20145
In base 2, what is -10010100101001 + -111111001?
-10011100100010
In base 15, what is 1a - -119a0?
119ba
In base 5, what is -20234 - 3041?
-23330
In base 7, what is -102644 + -154?
-103131
In base 9, what is -164573 - 0?
-164573
In base 16, what is 28 + 2071b?
20743
In base 3, what is 122110111212 + 0?
122110111212
In base 13, what is 3 + -15752?
-1574c
In base 2, what is -110010110101 - 11?
-110010111000
In base 11, what is -6617 - -2?
-6615
In base 8, what is -1252 + -77?
-1351
In base 16, what is 1e7 - 46?
1a1
In base 14, what is -1 - -3059?
3058
In base 13, what is 5 - 161986?
-161981
In base 8, what is 5 - -4663?
4670
In base 13, what is -1634b + -8?
-16356
In base 14, what is 18d508 + -7?
18d501
In base 9, what is -886262 - -1?
-886261
In base 14, what is -2d1 - 83?
-374
In base 15, what is -154 - 2ab?
-410
In base 9, what is 0 - -75858?
75858
In base 2, what is 1 + 1111001110?
1111001111
In base 13, what is 510 + -156a?
-105a
In base 4, what is -1010321220 - 10?
-1010321230
In base 10, what is 10 + 1085?
1095
In base 15, what is -72ea - -e?
-72db
In base 6, what is -11252